5*b - 15*c + 11*c, -4*b - 14 = -2*c. What is i(b)?
29
Let p(z) = 7*z - 1. Let f(t) = -3*t + 1. Let j(q) = -5*f(q) - 2*p(q). Suppose -177*x = 175*x - 87*x + 1060. Determine j(x).
-7
Suppose -95*b + 104*b = 414. Let r be (-33)/7 - b/161. Let n(o) = o**3 + 6*o**2 + 5*o - 6. Determine n(r).
-6
Suppose 451*o = -267 - 635. Let w(x) = 74*x + 154. Calculate w(o).
6
Let n(r) = 2*r - 1. Let o(t) be the third derivative of -t**4/12 + t**3/6 - 33*t**2. Suppose 6*k = 5*k - 4. Let p(y) = k*o(y) - 3*n(y). Determine p(1).
1
Let y(k) = -2*k**2 + 363*k - 43. Let q(n) = -n**2 + 116*n - 15. Let z(w) = -19*q(w) + 6*y(w). Calculate z(1).
8
Let w(t) = 656 + 22*t**2 + t**2 - 661 + 8*t**2 - 15*t**2 + 28*t + t**3. Calculate w(-14).
-5
Let v be (1668/(-6672))/((-2)/(-40)). Let s(c) = c**2 + 6*c + 6. Let y(h) = -1. Let o(p) = -s(p) - y(p). Give o(v).
0
Let k(j) be the third derivative of j**5/30 - j**4/12 + 12*j**2. Let r be k(4). Let n(l) = -r - 2*l + 3*l + 16. Determine n(12).
4
Let c(j) = -j**3 + 8*j**2 - 24*j + 16. Suppose 7*w - 3 = 32. Calculate c(w).
-29
Let h(z) = -z**3 - 2*z**2 + 3*z - 1. Let s(u) = -78*u**3 - 11*u**2 + 19*u - 5. Let w(p) = -6*h(p) + s(p). Calculate w(-1).
73
Let k(y) be the second derivative of -4/3*y**3 + 10*y + 5/24*y**4 + 0 - 1/120*y**5 + 0*y**2. Let p(h) be the second derivative of k(h). Give p(4).
1
Let j(o) be the third derivative of -5*o**4/12 + o**3/3 - 12724*o**2. What is j(7)?
-68
Suppose -12 - 321 = 111*k. Let w(y) = 25*y + 66. Calculate w(k).
-9
Let y(f) = -6*f**3 + 2*f**2 - 2*f + 1. Let n be (68/28 - 1)*35. Suppose -n*w + 48*w = -24. Let u(a) = -3*a + 37. Let t be u(w). Calculate y(t).
-5
Let v(b) = -30*b**2 + 212*b - 10. Let h be v(7). Let u(p) = 2*p**2 - 10*p + 15. Determine u(h).
7
Let d = 4161 + -4134. Let o(b) = -b**3 + 28*b**2 - 27*b + 9. Calculate o(d).
9
Let o(t) = 2*t**2 + 2*t + 2. Let z = 95 - 50. Let d be (-3)/z*5 + (-10)/(-3). Calculate o(d).
26
Let u(r) = -8*r**2 - 2. Suppose -337*d + 334*d + 15 = s, -6 = -s. Determine u(d).
-74
Let b(z) = -6*z - 1. Suppose -s - 39 = 4*x - x, 5*x + 3*s = -69. Let q be x/(-7) + (-6)/(-21). Give b(q).
-13
Let x = -210 - -205. Let b(z) = -7*z - 42. Let n be b(x). Let u(j) = j + 15. Determine u(n).
8
Let v be (14/(-4))/((-7)/14). Let s(y) = y**2 + 12*y - 2 - 4*y + v - y. Suppose k + 5*u - 16 = 0, -6*k + 11*k = u - 24. Determine s(k).
-7
Let c(l) = 2*l**2 + 1. Suppose 0 = -5*v - 5*o + 10, 5*o - 2 = -3*v + 4. Suppose -3*h + v = 11. Determine c(h).
19
Let g(s) be the first derivative of -s**3/3 + s**2/2 + 2*s - 8. Suppose 148 = 8*a - 12*a. Let v = 39 + a. Calculate g(v).
0
Let i(w) = -5*w - 41. Let t(l) = 2*l + 48. Let p(u) = 3*i(u) + 2*t(u). Calculate p(7).
-104
Let s(y) = -19*y**2 + 10*y + 3. Let t(h) = -40*h**2 + 22*h + 8. Let m(j) = 7*s(j) - 3*t(j). What is m(2)?
-47
Suppose 6*x + 23 - 125 = 0. Let c(v) = -20 + 453*v**2 - 151*v**2 - 152*v**2 - 149*v**2 - x*v. Give c(19).
18
Let m(z) be the second derivative of -z**5/40 + z**4/8 - 29*z**3/6 - 2*z + 10. Let p(j) be the second derivative of m(j). What is p(5)?
-12
Let u(f) = -7*f**3 + 2*f**2 + 18*f - 22. Let y(w) = -w**3 + w**2 + w - 11. Let a(p) = -u(p) + 6*y(p). What is a(-4)?
4
Let o(i) be the second derivative of i**5/20 - 2*i**4/3 - 23*i**3/6 + 14*i**2 - 3*i + 970. Give o(10).
-2
Let s(y) = 48*y - 138. Let q be s(3). Let d(m) = m**2 - 7*m + 7. What is d(q)?
1
Suppose -35*o + 53 = -157. Let h(f) = -8*f + 8 + 3*f - 3*f**2 + 4*f**2. What is h(o)?
14
Let i(a) = -25*a + 36. Let r(q) = -33*q + 42. Let l(z) = 4*i(z) - 3*r(z). Give l(29).
-11
Let j(o) = o**2 + 21*o + 24. Let q(a) = -72*a - 2324. Let h be q(-32). Give j(h).
4
Let f be 5 - (-1 - 25/(-5)). Let s(o) = f - 3*o + 2*o + 3. Let w be s(7). Let d(k) = -5*k - 1. What is d(w)?
14
Let w(o) = 293*o - 3*o**3 - 2*o**3 + 6*o**3 + 4*o**2 + 5 - 288*o - 2. Calculate w(-4).
-17
Let g(i) = 4*i - 1. Suppose -39*p + 931 = 94*p. Calculate g(p).
27
Let z(b) = 43*b + 96. Let s(r) = 518*r + 1184. Let d(u) = -3*s(u) + 37*z(u). Give d(-3).
-111
Let c(f) = -f**3 + 77*f**2 + 155*f + 245. Let d(p) = -79*p - 1659. Let q be d(-22). Determine c(q).
8
Let d(c) = 7*c - 27. Suppose -21*b - 260 = -125 + 138. What is d(b)?
-118
Suppose -22*q = -68 + 134. Let h(u) = -12*u + 4. Determine h(q).
40
Let u(x) = -x**2 - 7*x - 7. Let v be (4/8)/(2/(-24)). Let y be u(v). Let w(i) = 1 + 36*i - 11*i - 14*i - 8*i - 10*i. Calculate w(y).
8
Let q(w) = -w - 6. Suppose k - 12 = -3*x, -5*k + 32 = 145*x - 144*x. What is q(k)?
-12
Let t be (-6)/(-5 + (-24)/(-5)). Let w(r) = r - 4 + t - 31. Determine w(-7).
-12
Let v = 6 - 4. Let k(j) = -v*j - 1 - 2 - 3. Let u(r) = -17*r**2 + 771*r + 784. Let w be u(-1). Calculate k(w).
2
Let v be 52/6 - 2*(-1)/6. Let b(y) = 10 - v + 3*y - 3*y + 4*y - 2*y. Determine b(0).
1
Let d be -12 - (-87)/24 - -1 - (-6)/16. Let u(t) = 3*t**3 + 1 + 7*t + 8*t**2 - 2*t**3 - 4. Calculate u(d).
-3
Suppose 2*y + 5*f = 14, -7*f + 2*f - 7 = -y. Let j(u) = -u**3 + 6*u**2 + 4*u + 11. Determine j(y).
-10
Suppose 6740 = 162*h + 1718. Let j(i) = -i**2 + 36*i - 152. Give j(h).
3
Let n(c) = c**2 - 7*c - 15. Let x be n(9). Let k(f) be the second derivative of -f**5/20 + 7*f**4/12 - 5*f**3/6 + f**2 + 19*f + 47. Determine k(x).
23
Let k(x) be the first derivative of x**4/4 + x**3/3 - x**2 - 2*x + 20. Suppose 3*d + 15*d + 36 = 0. Give k(d).
-2
Suppose 5*t - 5*c - 119 = -2*c, 0 = -5*t + 5*c + 115. Let v(m) = t - 3*m**2 + 4*m**2 + 23 - 49. Let q be -6 + -6*2/(-4). Determine v(q).
8
Let f(d) = 603*d + 20 + 600*d - 1154*d + 2*d**2. Give f(-24).
-4
Let s(z) = -8*z - 1 - 3 - 25 + 11 - 3. Give s(5).
-61
Let y(b) be the first derivative of b**4/4 - 14*b**3/3 - 15*b**2/2 + 6*b + 593. Give y(15).
6
Let c be ((-4)/(-16)*-11)/((-1)/4). Suppose -4*w = -5*r - 7 - 3, w = -3*r + c. Let n(g) = -g**3 + 3*g**2 + 7*g**2 - 6*g**r - 1. Calculate n(4).
-1
Let n(c) be the second derivative of -13*c**3/2 - 41*c**2/2 + c - 1837. Calculate n(-1).
-2
Let x(a) be the third derivative of -a**6/360 + a**5/8 - a**4/2 + 20*a**3/3 - 2*a**2 + 116. Let b(o) be the first derivative of x(o). Calculate b(14).
2
Let j be -12 + 7 + (0 - (1 - 4)). Let m(t) = -8*t**3 - 14*t**2 + 5*t + 1. Give m(j).
-1
Let v(h) = h**3 + 17*h**2 + 18*h + 7. Suppose -4*d - 25 = 27 + 12. Give v(d).
-25
Let g = 18 - 15. Suppose 0 = 5*s - 4*w + 6, g*s + 2*s - 30 = -5*w. Let k(h) = 0*h**3 + 44*h**2 - h - h**3 + 8 - 50*h**s. Calculate k(-6).
14
Let m(j) be the third derivative of -j**2 - 1/24*j**4 + 0*j + 0 + 7/6*j**3. Suppose -3*w - 8*p = -76, -294*w - p = -292*w - 29. Determine m(w).
-5
Let y(t) = -t - 22. Let k(j) = 6*j + 112. Let c(o) = 2*k(o) + 11*y(o). Suppose 5*g - 3*v + 35 = 114, 5*v + 15 = 0. Determine c(g).
-4
Let r(x) = x + 9. Suppose -n + 4 = -2*n. Let h be r(n). Let z(i) = -i + 1. Let m(w) = -2*w - 1. Let l(t) = 2*m(t) - 5*z(t). Determine l(h).
-2
Let b(w) = 64*w**3 + 22*w**2 - 7*w + 18. Let q(z) = 77*z**3 + 23*z**2 - 8*z + 17. Let o(l) = -6*b(l) + 5*q(l). Calculate o(17).
11
Suppose -14*y + 10*y = 20. Let g(r) = -r**3 - 7*r**2 - 10*r + 4. Let t be g(y). Let o(c) = -c**2 + 2*c**2 + t*c + 60 - 56. What is o(-5)?
9
Let q = -246 - -427. Let l = 178 - q. Let z(x) = 2*x + 2. Determine z(l).
-4
Let h(i) = 2*i**2 - i - 2. Let d be (5*1 - (-7 - -9))*1. Let t be h(d). Let v = t - 13. Let w(z) = z**3 - z**2 - z - 5. What is w(v)?
-5
Let u(w) = w**3 + 6*w**2 - 4*w - 1. Let n(f) = 2*f**3 - 9*f**2 - f + 14. Suppose -2*c + k = -c, k - 4 = 0. Let a be n(c). Calculate u(a).
23
Let m(s) = -47 - 23 + 74 - 13*s - 30. Let j(r) = 7*r + 14. Let z(l) = -11*j(l) - 6*m(l). Calculate z(6).
8
Let m(l) = -4*l**2 + 12*l + 4. Let g(q) = -q**2 - 2*q + 1. Let p(v) = 6*g(v) - m(v). Determine p(-13).
-24
Let s(d) = -d**2 - 13*d + 3. Let w be s(-15). Let x = 32 + w. Suppose 5*v + 40 = x*j - 10*j, 5*v + 16 = j. Let y(b) = b**2 + b - 2. Give y(j).
10
Let j(o) = -4*o**2 - 6*o - 6. Suppose 68*z + 157 + 47 = 0. Determine j(z).
-24
Let c(y) be the first derivative of -14*y**3 + y**2 + y - 1615. Give c(-1).
-43
Let g(l) be the third derivative of l**6/120 - 7*l**5/60 - l**4/24 + 5*l**3/3 + 3*l**2 + 161*l. What is g(8)?
66
Let z(k) = -16*k - 60*k**2 + 7 + 28*k**2 + 29*k**2. What is z(-5)?
12
Let a = 107 - 105. Let y(o) = 22 + 48*o**2 - 47*o**a + 6*o + 4*o - 4. Give y(-9).
9
Let w(c) = -2 - 54*c**2 + 80*c**2 - 25*c**2 + 6*c. L